second derivative of -s**3/6 - 27*s + 164. Suppose -4*y + 1 = -3. Let j = -3 + y. Determine z(j).
2
Let o(z) = 267*z**2 + 10*z - 20. Let b(p) = -334*p**2 - 11*p + 24. Let r(m) = 4*b(m) + 5*o(m). Let u(x) = 2*x**2 + 5*x + 4. Let l be u(-3). What is r(l)?
-11
Let p(a) = a**2 - 2*a + 6. Let m(u) = -u**2 - 77*u - 484. Let y be m(-7). What is p(y)?
30
Suppose -45*o + 90 = -27*o. Let l(a) = -3*a**2 + 7*a + 2. Give l(o).
-38
Let m(g) = 5*g**2 + 29*g - 39. Let p(c) = 1 + 184*c**2 - 15*c - 62*c**2 - 61*c**2 - 64*c**2 + 19. Let s(o) = 4*m(o) + 7*p(o). What is s(9)?
2
Let h(p) = -p**3 - 8*p**2 - 11*p + 6. Let m be h(-3). Let c(f) = f**2 + 7*f - 5. Give c(m).
-11
Let p(j) = -2*j**2 - 32*j - 30. Suppose 66 = -d - f + 48, 0 = -f - 3. Calculate p(d).
0
Let h(t) = 2*t**3 + 42*t**2 - 2*t - 42. Suppose 4*c + g - 33 + 111 = 0, 5*c - 2*g = -117. Determine h(c).
0
Let w(b) = 6*b + 15. Let o(m) = -m**3 + 14*m**2 + 3*m - 46. Let d be o(14). Give w(d).
-9
Suppose 0 = 63*z - 68*z + 40. Suppose 2*k - z = 0, 3*q - 5*q = 3*k - 20. Let v(d) = d**3 - 5*d**2 - 2*d - 3. Determine v(q).
-27
Let y(j) = 2*j**3 - 5*j**2 + j. Let g(f) = f**3 - 5*f**2 - f + 1. Let d(v) = -3*g(v) + 2*y(v). Let r be d(-3). Let q(u) = u. Give q(r).
0
Suppose 7*o = 2*o + 10. Let r(i) = i. Let a be r(o). Let k(h) = -606*h + 3085. Let w(x) = 41*x - 208. Let j(q) = 6*k(q) + 89*w(q). Calculate j(a).
24
Let l = 9209 + -9247. Let n(a) = a**2 + 36*a - 79. What is n(l)?
-3
Let f(k) = k**2 - 8*k - 4. Suppose -10*g + 14*g = -10*g. Suppose -44 = -4*u - 4*d, -2*u + 4*d + 4 + 0 = g. Calculate f(u).
-4
Suppose -8 + 14 = -x. Let z(o) be the second derivative of -o**3/2 - 3*o**2/2 + 18*o - 18. Calculate z(x).
15
Let h be 18/8*(-112)/6. Let r = h - -47. Suppose 0 = -4*y - 16, d - 22 = -0*d + r*y. Let b(x) = x**2 + 2*x. Determine b(d).
8
Let k(l) = -l**2 - 8*l - 3. Suppose -5*f + 2*f = -6. Suppose 2*n + f*n = -4*h - 12, 3*n + 11 = -h. Suppose -i - 8 = -h. What is k(i)?
4
Let y = -544 + 536. Let z = 12 - 7. Let s(o) = -3*o + 27. Let f(a) = -a + 13. Let x(k) = z*f(k) - 2*s(k). Give x(y).
3
Let g(f) be the first derivative of -f**4/4 + 7*f**3/3 + 7*f**2/2 - f - 4229. Determine g(7).
48
Let y be 61/244 - (-206)/8. Let p(h) = -31 - y + h**2 + 62 + 6*h. What is p(-7)?
12
Let j = -13342 - -13336. Let z(o) = -8*o - 47. Determine z(j).
1
Suppose r - 6 = 3. Let h(z) be the first derivative of 5*z**2/2 - z - 3704. Give h(r).
44
Let l(m) = m**3 - 4*m**2 - 2*m + 3. Let y be (-290)/8*16/2. Let q = y - -294. Give l(q).
-5
Let i = 3763 + -3770. Let f(z) = -z**2 - 4*z + 393 - 3*z - 392. Determine f(i).
1
Let h(g) = 7*g + 2. Let j(o) = o. Let f(x) = -h(x) + 4*j(x). Suppose -m + 4*z = -z - 10, -5*m - z + 76 = 0. Let c be 2 - (m/(-5) - -7). What is f(c)?
4
Let q(y) = -8*y**3 - 143*y**2 + 18*y + 8. Let s be q(-18). Let v(p) = -p**2 + 3*p - 6. Let f(i) = i. Let r(t) = 5*f(t) + v(t). Determine r(s).
-6
Let x(q) = q**3 - 13*q**2 - 15*q + 11. Let o be (-7)/(42/4)*-6. Let m be (-1)/((8/(-18))/o). Let a be 3*(-7)/m*-6. Calculate x(a).
-3
Let k(w) = 8*w - 322. Let y be k(42). Let v(q) = q**2 - 10*q - 44. What is v(y)?
12
Let w(x) = -x**2 + 20*x - 27. Let s be w(18). Suppose 13 = 3*z + 4*d, -s = z + d + 3*d. Let b(i) = z - i - 27 + 13 - 2*i. Calculate b(-2).
3
Let g(p) = -41*p - 44. Let f be g(-4). Let d = 125 - f. Let b(q) = -q**2 + 6*q - 1. What is b(d)?
4
Let d = -14 - 11. Let k(p) = -p**3 - 26*p**2 - 26*p - 28. Let q be k(d). Let n be q*1 - (-19)/((-171)/(-18)). Let x(u) = u**3 + u**2 + u + 1. Determine x(n).
0
Let k(h) = -62*h**2 + 52*h**2 + 6*h**2 + 27*h + 5*h**2 + 76. Calculate k(-24).
4
Let q(r) = 63*r - 5. Let m(d) = -142*d + 9. Let z(x) = -4*m(x) - 9*q(x). Determine z(-8).
1
Let a = 1689 + -1682. Let i(r) = 2*r**2 - 11*r + 10. Give i(a).
31
Let x = -4130 + 4128. Let m(z) = 7*z**2 + 6*z + 11. Give m(x).
27
Suppose 4*w = x - 269, w + x + 65 = 2*x. Let c = w + 76. Suppose 12 = c*z + 4. Let a(j) = -15*j**3 + 2*j**2 - 1. Give a(z).
-14
Let l(a) = -a**3 + 3*a**2 + 13*a + 9. Suppose -32*p + f = -34*p, -2*f = 3*p - 2*p. What is l(p)?
9
Suppose 14*u = -u + 15. Let o(s) = 103*s**3 + 120*s**3 + u - 257*s**3 - s**2. Determine o(-1).
34
Let c(j) be the first derivative of j**3 - 13*j**2 + 55*j - 2191. What is c(3)?
4
Let w(d) = -6*d**2 - 2*d + 1. Let v(l) = 2*l**2 - 16*l - 39. Suppose -5*b + z + 36 = -15, -4*z = -b + 14. Let r be v(b). What is w(r)?
-7
Let n(k) = 2*k**2 - 24*k - 16. Let h(d) = -d**3 - 17*d**2 + 21*d - 310. Let c be h(-19). Calculate n(c).
10
Suppose -12 = 8*p - 11*p. Suppose 11 = 3*o - p. Let t(z) be the first derivative of -z**4/4 + 4*z**3/3 + 2*z**2 - 5*z - 1. Give t(o).
-10
Let l(i) = i**3 - 8*i**2 + 7*i - 6. Let x(s) = s**3 - 12*s**2 - 12*s + 15. Let p be x(13). Suppose -8*j + p = -4*j. Determine l(j).
-6
Suppose 0 = 7*w - 8*w + 8. Let i(o) be the second derivative of o**4/12 - 4*o**3/3 - 2*o**2 + 1233*o. Give i(w).
-4
Let i(k) = 14*k - 40*k + 11*k - k + 7 + 13*k. What is i(2)?
1
Let p = -6867 + 6855. Let c(k) = 10*k + 107. Give c(p).
-13
Let c(d) = -3*d**2 + 8*d + 9. Let l(j) = 5*j - 5*j**2 + 2 - 2*j + 4*j**2 + 1. Let m(z) = -4*c(z) + 11*l(z). Determine m(0).
-3
Let t(s) = 11*s**2 + 2*s + 5. Let o(p) = 61*p**2 + 9*p + 24. Let l(h) = 2*o(h) - 11*t(h). Determine l(5).
-2
Let u be -1 + 2 + -1 + -5. Let k(p) = p**2 + 8*p + 6. Let i be k(u). Let r(g) be the first derivative of -g**2 - 2*g - 125. Give r(i).
16
Let c(q) = -q**3 + 27*q**2 - 47*q - 69. Suppose -3*w - 78 = -3*u, 5*u - 126 = -86*w + 87*w. Give c(u).
6
Suppose 57*i = 4*m + 50*i - 72, -3*i = -4*m + 40. Let j(r) be the second derivative of 5*r**3/6 + r**2/2 + r. Give j(m).
21
Let v(r) = -r**3 + 3*r**2 - 4*r + 3. Suppose 12*i + 12*i - 25*i = -2. What is v(i)?
-1
Let o = -335 + 337. Suppose -4*h = o*s - 0*s - 4, 4*h + 8 = 0. Let k(w) = w**3 - 7*w**2 + 3*w + 12. What is k(s)?
-6
Suppose 8 = -6*u - 4*n, 17*n = 4*u + 14*n - 23. Let i(m) = 5*m**2 + 3*m - 4. Determine i(u).
22
Let k(n) be the first derivative of n**4/4 + 7*n**3/3 - 12*n - 10004. Determine k(-6).
24
Let v(a) = 5*a + 2. Let y(k) = 14*k + 6. Let x(p) = -17*v(p) + 6*y(p). Let s(c) = -1667*c - 46685. Let f be s(-28). Determine x(f).
11
Suppose 5*a + 6 = -2*k - 0*k, 4*a - 19 = -5*k. Suppose -k*p + 18 = 2*p. Let x(s) = -6*s + 2*s**p - 4*s + 8 + 0. Determine x(6).
20
Let a(v) be the third derivative of -2*v**5/15 + v**4 + 11*v**3/3 - 42*v**2. Let w(t) = -4*t**2 + 13*t + 12. Let m(n) = 6*a(n) - 11*w(n). Give m(2).
-14
Suppose 20 = -0*i + 5*i. Let m(b) = -b - i + 5 + 12*b**2 - 11*b**2. Let o(t) = -t**2 - 2*t + 2. Let w(r) = 2*m(r) - o(r). Give w(-2).
12
Suppose -o + 5 = 2*f, 12*f - 9*f - 5 = -4*o. Let k(l) = -2*l**2 - 7*l + 13. Give k(f).
-26
Let t(w) = -3*w + 50. Let i be t(15). Let g(r) = -3 + 7 + r - r**3 - 4*r**2 + i*r**2 + 3. Suppose 0 = 12*m - 7*m. What is g(m)?
7
Let l(t) = 7*t - 7*t**2 + 3*t - t**3 + 10 - t**2. Let q(x) = -2*x**3 + 4*x**2 + 7*x - 9. Let u be q(-3). Suppose -612 = 8*h + u*h. What is l(h)?
1
Let w(r) = -6*r + 2. Let g be (2 + -1392)/(-1) - 30/(-15). Suppose -5*i + 1382 = g. Calculate w(i).
14
Let m(v) = 9*v. Let t = 307 - 485. Let z = t - -181. What is m(z)?
27
Let l(g) = -23 + 104 - 6*g - 79. What is l(5)?
-28
Let x(a) be the first derivative of -a**3/3 - 5*a**2/2 + 8*a - 5510. Calculate x(-7).
-6
Let t = 887 - 883. Let m(k) be the third derivative of k**2 - 1/60*k**5 + 1/2*k**t + 0 + 0*k - 2*k**3. What is m(11)?
-1
Let r(g) = -2*g**2 + 18*g - 33. Let x(i) = -6*i**2 + 124*i + 49. Let y be x(21). Calculate r(y).
-5
Let w = 9 + -15. Let l(m) = m**2 - 4*m + 8. Let j = 75 - 70. Let r(x) = -3*x**2 + 7*x - 17. Let h(d) = j*l(d) + 2*r(d). What is h(w)?
6
Let v(p) = 5*p + 3. Suppose -b - 2*n = -2*b - 72, -2*n = -4*b - 282. Suppose 34*f - 1292 = 15*f. Let x = b + f. Give v(x).
-7
Let n(y) = -3*y**2 + y - 8. Let b(j) = -19*j**2 - 14*j - 55. Let r(g) = -b(g) + 6*n(g). Determine r(-8).
-89
Let y(s) be the second derivative of -3*s**5/40 - 31*s**3/3 + 12*s. Let p(t) be the second derivative of y(t). Let f = -6 + 7. Calculate p(f).
-9
Let x(v) be the second derivative of -v**5/20 - v**4/2 - v**3/6 - 5*v**2 + 187*v - 17. Let m(l) = l**2 - 6. Let u be m(0). Give x(u).
-4
Suppose 105*r = 107*r - 12. Let h(f) = -26 + f**2 + r*f + 13 + 3. Calculate h(-8).
6
Let b(s) = s**3 - s**2 - s - 10. Suppose -4*l + 5*y + 16 = 